11/2*w**2 - 8*w + 19/3*w**3 + 0 + 1/3*w**4. What is the tens digit of n(-13)?
9
Let z(s) = -6*s - 98. Let n be z(-17). Let p(w) = -5*w + 13*w**2 - 14*w**2 + 13*w - 1. What is the units digit of p(n)?
5
Let m = -229 + 231. Suppose 0 = -m*c + 2875 - 1039. What is the tens digit of c?
1
Let z(f) be the second derivative of f**4/12 - 2*f**3 - 13*f**2 + 9*f. Let l be z(-6). Suppose i - l = -10. What is the tens digit of i?
7
Let q(m) = -m**2 - 19*m + 45. Let w be q(-21). Suppose -w*h - 4*n = -3*n - 2622, 3*n = 4*h - 3483. What is the tens digit of h?
7
Suppose 10*t + 9*j = 15*t - 49351, 5*j - 39554 = -4*t. What is the thousands digit of t?
9
Suppose -6227 = -18*h + 2953. What is the tens digit of h?
1
Let c(a) = -14*a + 25. Let f be c(2). What is the units digit of f - (-2)/(10/2465)?
0
Let b(h) = -93*h - 296. What is the tens digit of b(-92)?
6
Let h = -3725 - -6235. What is the tens digit of h?
1
Let t = 2608 - 1913. What is the tens digit of t?
9
Suppose -4*i + 3 = 7, 4*h + i = 7. Suppose -484 = -4*b - 2*k, -2*k + 4*k = h*b - 230. What is the units digit of b?
9
Let v = 88808 + -39118. What is the hundreds digit of v?
6
Let n be (-2)/(-19) - (-672)/114. Suppose 0 = 5*o + 3*p - n*p - 5055, -4*o - 2*p + 4022 = 0. What is the hundreds digit of o?
0
Suppose -5*h + 3*v + 43 = v, -5*v - 22 = -3*h. Suppose 0 = 9*l - h - 9. Suppose -5*y = l*y - 994. What is the units digit of y?
2
Suppose 634053 - 201855 = 18*z. What is the tens digit of z?
1
Let l(t) be the third derivative of -t**6/120 - t**5/4 - 13*t**4/6 - 10*t**3/3 - 7*t**2 - 1. What is the units digit of l(-11)?
8
Suppose 2*k = -3*s - 3*k + 61, -2*k = s - 22. Suppose -10778 = -s*f + 1942. What is the units digit of f?
0
Let c = 25 + -28. Let s be (c - -1) + 6 - -5. Suppose -s*g + g = -912. What is the units digit of g?
4
Suppose -4*v + 34 = 5282. Let u = v + 2597. Suppose -u = -13*l + 756. What is the units digit of l?
7
Let u(b) = -1140*b + 200. What is the hundreds digit of u(-27)?
9
Suppose 0 = -6*d + 41804 + 10128 + 30808. What is the hundreds digit of d?
7
Suppose -11*a + 6 = -8*a. Suppose -8*y = 2*y. Suppose i - 5*p - 139 = y, -4*i + i = -a*p - 482. What is the units digit of i?
4
Let h(m) = 4*m**2 - 96*m + 7. What is the hundreds digit of h(-4)?
4
Suppose 3*a = 2*a + 2. Suppose 1017 = 5*z - a*f, -3*f = 5*z - 741 - 296. What is the tens digit of z/6 - 2 - 10/60?
3
Let s = 1468 - 959. Let q = s + -302. What is the hundreds digit of q?
2
Let u(a) = a**3 - 4*a**2 + 25*a - 1. Let k be (65/20 - 3)*(37 - 1). What is the hundreds digit of u(k)?
6
Let t(a) = a**3 + 17*a**2 - 28*a - 31. Suppose -82 = 5*v + 2*x, -35 - 51 = 5*v + x. What is the tens digit of t(v)?
4
Let t(m) = -15*m + 55. Suppose -4*j = -5*j - 8. What is the units digit of t(j)?
5
Suppose 44*p - 62546 = 961598. What is the units digit of p?
6
Let z = -20 + 26. Let l be z/(-1)*(1053/(-6) + 0). Suppose -6*a + 15*a = l. What is the units digit of a?
7
Let q = -76 + 151. Suppose q = 18*o - 15*o. Let t = 68 - o. What is the units digit of t?
3
Let x(g) = -2*g**3 + 4*g**2 + 4*g. Let f be x(-1). Suppose -2818 = -5*k - f*j, 2255 = -6*k + 10*k + j. What is the hundreds digit of k?
5
Let g = -39176 - -58514. What is the thousands digit of g?
9
Let n(f) = f**3 - 5*f**2 + 5*f - 20. Let c be n(4). Let l(p) = -p**3 - 17*p**2 - 21*p - 43. What is the units digit of l(c)?
7
Suppose 0*v + 8*v - 760 = 0. What is the units digit of (-19)/v - 992/(-10)?
9
Suppose -6*m = 38*t - 37*t - 102158, 5*m + 4*t - 85138 = 0. What is the thousands digit of m?
7
Let q(p) = -6395*p - 4714. What is the ten thousands digit of q(-10)?
5
Suppose -2*h - 2 = -3*h. Suppose -176 = -h*n + 760. Suppose -8*b = b - n. What is the units digit of b?
2
Let d be (-1 - (-132)/8)*2. Let u = 92 - d. Let i = -11 + u. What is the units digit of i?
0
Let b be (1 - (-8)/(-6))/((-5)/450). Suppose 2284 = b*o - 1436. What is the units digit of o?
4
Let q = -38 + 26. Let f be (-1)/(-3) - -2*2/q. Suppose -2*y + 168 + 4 = f. What is the tens digit of y?
8
Let j(k) = -k**3 - k**2 + 1. Let f be j(-2). Let h = 45 - f. Let y = -6 + h. What is the tens digit of y?
3
Suppose 14*q - 13419 = -399. Let a = q - 447. What is the units digit of a?
3
Let j(g) = 2*g**2 - g + 36. Let k be j(15). Let m = k - 316. Suppose -t - 24 = -m. What is the tens digit of t?
3
Let r(q) = q**2 + 3*q - 34. Let f be r(5). Let c(n) = 99*n + 53. What is the units digit of c(f)?
7
Let c be ((7 - 3)*136/32)/1. Let g(j) = -2*j**3 + 33*j**2 + 20*j + 19. What is the tens digit of g(c)?
7
Let h(w) = 10*w**2 - 35*w + 587. What is the tens digit of h(19)?
3
Let f = -172 - -659. Suppose -25 - f = -5*p + 4*y, -4*y + 320 = 3*p. What is the units digit of p/3 - (-12)/(-18)?
4
Suppose -4*q + 28 = -4*t, -25*q + 30*q = 3*t + 35. Let p(a) = a**3 + a**2 + 9*a - 10. What is the tens digit of p(q)?
4
Let r(l) = -233*l + 19. Let b be r(-4). Suppose b + 39 = 5*v. What is the tens digit of v?
9
Suppose -2*o + 964 = g, 5*g - 3*o = 2*g + 2892. Let k = g - 291. What is the hundreds digit of k?
6
Let r be -20*(-1 - 0) - 2. Suppose -r - 38 = 4*y. Let p(i) = i**3 + 15*i**2 + 13*i - 7. What is the units digit of p(y)?
7
Suppose 20*q = 19*q - 4. Suppose 1 - 15 = 2*b. What is the tens digit of (-122)/6*(b - q)?
6
Let c(n) = 13*n + 2019. What is the units digit of c(-36)?
1
Let s = 10005 + 5444. What is the hundreds digit of s?
4
Let h(n) = n**3 - 9*n + 8. Let i be ((-40)/(-24) - (0 - -2))*-15. Let x be h(i). Suppose -3*u + u + x = 0. What is the tens digit of u?
4
Suppose -15 = -3*x, -2*x + 137 = -2*d - 83. Let k = -168 - d. Let r = k - -88. What is the tens digit of r?
2
What is the thousands digit of ((-4)/(-34) + (-633123)/1377)*-57?
6
Let s = 169 - 87. Let v = s - 14. Suppose 0 = x - u - v, -2*x - 4*u + 46 + 66 = 0. What is the tens digit of x?
6
Let b(z) = 6*z**2 - 2*z. Let k be b(1). Suppose 5*f - 80 = f. What is the hundreds digit of 1 - ((-5)/f - 411/k)?
1
Let j be ((-24)/(-16))/(-3) + (-7234)/(-4). Suppose 471 = n + 4*t, -5*t + j = 4*n - 8*t. What is the units digit of n?
5
Let j = 8264 + -6633. What is the units digit of j?
1
Let c(n) = 476*n**2 + 17*n + 72. Let y be c(-6). Suppose y = 36*w - 10002. What is the units digit of w?
3
Let u be (60/(-21))/(4/(-14)). Let l = -14 + u. What is the units digit of (-6)/l*20/30 + 91?
2
Suppose -2*x - 129955 = -20*x + 111749. What is the units digit of x?
8
Let j be 3/42*-4 - (-4665)/35. Let v = 195 + j. What is the units digit of v?
8
Let n(w) = -10*w - 9. Suppose -61 - 11 = -2*y + 3*b, 4*b = 3*y - 109. Let c = 35 - y. What is the tens digit of n(c)?
3
What is the tens digit of ((-25860)/15)/((-12)/78)?
0
Let r be ((-110)/(-33))/(2/834). Suppose 312 = -2*h + r. Suppose -h = 7*t - 1687. What is the tens digit of t?
6
Let c(p) = 102*p - 16. Let o be c(-2). Let b = -201 - o. What is the units digit of b?
9
Let u(f) = 10867*f**3 - 4*f**2 + f + 2. What is the tens digit of u(1)?
6
Let t = 8804 + -6046. What is the thousands digit of t?
2
Suppose -36 = -2*j - 4*i, 57 - 9 = 4*j + 2*i. Let c be 2/3 + j/3. What is the hundreds digit of (c + -250)*(-4)/6?
1
Let u = 0 + 3. Suppose 4*t = b + 830, 0*t + u*b - 822 = -4*t. What is the units digit of t?
7
Suppose -28618 + 227120 + 56158 = 17*m. What is the hundreds digit of m?
9
Suppose -13*u = -11*u + 18. What is the tens digit of (88*1)/(-7 - u)?
4
Let z(k) = -34*k + 24. Let i be z(-3). Suppose -j - 4*m = 7 - i, 6 = 2*m. What is the tens digit of j?
0
Suppose 22*a - 23740 = -5*x + 27*a, 0 = -3*x - a + 14240. What is the units digit of x?
7
Suppose 0 = 27*y - 256258 + 99955. What is the tens digit of y?
8
Suppose -377*y + 21834 = 3*u - 380*y, 5*u = 2*y + 36372. What is the thousands digit of u?
7
Let d = -10268 + 14708. What is the thousands digit of d?
4
Let d be -2*3/2 - -14. Suppose 3 = 8*r - 5. Suppose -r = -q + d. What is the tens digit of q?
1
Let l(n) = 2473*n + 1550. What is the thousands digit of l(15)?
8
Suppose -395745 + 53626 = -97*m. What is the hundreds digit of m?
5
What is the hundreds digit of 3/(-7) + 32875699/1477?
2
Suppose 4*g = 2*p - 80, -3*g - 2*p - 109 = 2*g. Let f(t) = -t**3 - 20*t**2 + 23*t - 13. Let h be f(g). Let w = h + 64. What is the units digit of w?
9
Suppose -98*m + 28 = -91*m. What is the tens digit of 6/m*-610*(-10)/75?
2
What is the t